w - (1 - 2 - 17)?
11
Calculate the remainder when ((-161)/(-14))/((-474)/60 + 8) is divided by 3.
1
Let b = 659 - 590. Calculate the remainder when b is divided by 25.
19
Let a(p) = p**3 - 11*p**2 + p - 8. Let w be a(10). Let s = -88 - w. Calculate the remainder when 27 is divided by s.
7
Let m be 64/12*9/3. Let d = -91 + 55. What is the remainder when (d/m)/((-4)/16) is divided by 6?
3
Let k = 183 - 91. Suppose -238*i - 186 = -244*i. What is the remainder when k is divided by i?
30
Suppose -75 = 3*y - 4*y. Suppose -s - 74 = -3*r + s, 3*r = 3*s + y. Calculate the remainder when 142 is divided by r.
22
Let o = -38 + 22. Let b = 14 + o. What is the remainder when (-4030)/(-143) - b/(-11) is divided by 15?
13
Let f(k) = k**3 - 8*k**2 + 6. Let b be f(7). Let i = b + 49. What is the remainder when 11 is divided by i?
5
Let v(o) = o**3 - 2*o**2 - 33*o + 45. Calculate the remainder when v(8) is divided by 54.
3
Let g be 6*(-2)/(-6) + -2. Suppose -2*d + d + 3*l = -38, g = 3*d - l - 122. Calculate the remainder when d is divided by 23.
18
Let j(m) = -m**3 + 12*m**2 - 21*m + 12. Let i be j(10). Let q = i + 11. What is the remainder when 179 is divided by q?
10
Let d = -54 + 25. Let z = d + 47. Calculate the remainder when 104 is divided by z.
14
Let u = 16 - -103. Let v = 206 - u. Calculate the remainder when v is divided by 15.
12
Suppose 6*c - c + 25 = 0. Suppose -j + 0 - 1 = 0, -20 = -2*z + 2*j. What is the remainder when z is divided by (-2 - (-3 + 2))*c?
4
Calculate the remainder when 109 is divided by ((-3)/6*-11)/((-18)/(-36)).
10
Let p = 27 - 29. What is the remainder when 24 is divided by -13*(p + -2)/4?
11
Let l(w) = -4*w - 12. Let y be l(-12). Suppose 8*x - y + 4 = 0. Suppose -12 = -t - 2*t + x*o, 0 = t + o - 11. Calculate the remainder when 21 is divided by t.
5
Suppose 0 = v - 4 - 0. Suppose d + 21 = v*z, 0 = -3*z - 2*d + 1 + 1. Let n(r) = -r + 5. Calculate the remainder when n(-10) is divided by z.
3
Let k = -19 + 36. Suppose 0 = 27*j - 26*j - k. Calculate the remainder when j is divided by 6.
5
Let q = -19 - -16. Let n(o) = 2*o**2 - o - 3. Let c be n(q). What is the remainder when -8*(0 + c/(-8)) is divided by 11?
7
Let u = -40 + 78. Let g(v) = 2*v**2 - 10*v + 2. Let z be g(-6). Suppose -8*j + z = 54. Calculate the remainder when u is divided by j.
8
Suppose 0 = -5*f - 2*i - 66, -f + 0*f - i - 15 = 0. Let w = f - -25. Calculate the remainder when w is divided by 3.
1
Let o(u) = -u**2 + 20*u - 17. Let s be o(19). Let k = 9 - -21. Suppose -3*b + 2*b = -z - k, s*z = 3*b - 93. Calculate the remainder when 64 is divided by b.
31
Suppose 54*j - 1250 = 5014. Calculate the remainder when j is divided by 41.
34
Calculate the remainder when (381 + -4 + 4)/3 is divided by 43.
41
Let p(r) = -r**2 - 17*r - 59. Let l be p(-8). Let u(o) = -o**2 + 4*o**2 - 4*o**2 + 11 + 14*o. Calculate the remainder when u(l) is divided by 9.
6
Let a = 794 - 785. Calculate the remainder when 2/7 + (-692)/(-28) is divided by a.
7
Let b = 1015 - 1000. What is the remainder when 1544 is divided by b?
14
Suppose 3*o = -2*g + 106, 0 = 12*g - 15*g - 3*o + 165. Calculate the remainder when g is divided by 15.
14
Suppose 0 = 3*a + 2*p - 38, 2*p = -a - 2*p + 26. What is the remainder when a is divided by 8/8 - -1*2?
1
Suppose -28*a + 587 = -477. What is the remainder when a is divided by 14?
10
Let y = -251 - -256. Calculate the remainder when 134 is divided by y.
4
Let q = 362 + -240. Suppose 12 = 3*k, 0 = 7*y - 2*y + k - 214. What is the remainder when q is divided by y?
38
Let s = -51 + 199. What is the remainder when s is divided by 23?
10
Calculate the remainder when 608 is divided by (-5 - -3 - 5)/(0 + -1).
6
Let i = 622 + -615. What is the remainder when 164 is divided by i?
3
Suppose 5*j - 5*v - 589 = -2*v, -2*v = j - 110. Calculate the remainder when j is divided by 18.
8
Suppose -626 - 442 = -4*h. Calculate the remainder when h is divided by 25.
17
Suppose 3 = -a + 10. What is the remainder when 8*((-475)/(-100) + 1/8) is divided by a?
4
Let f(v) = -v**3 + 6*v**2 - 3*v - 2. Let s = 9 + -5. Suppose 0*l = s*l - 16. Calculate the remainder when 52 is divided by f(l).
16
Let z be (-4)/(-1)*4*1. Let d = 79 - z. What is the remainder when d is divided by (-220)/(-14) + 4/14 + 0?
15
Let a be (-7)/(-1)*(-100)/(-35). Suppose 17*n = a*n - 87. What is the remainder when n is divided by 6?
5
Let h = -12 - -65. Calculate the remainder when 158 is divided by h.
52
Let h(z) = -z**2 - 6*z + 5. Let l be h(-7). What is the remainder when l*(-68)/8*1 is divided by 4?
1
Suppose -14 = -8*u - 270. Let j = -18 - u. Calculate the remainder when j is divided by 5.
4
Let p(q) = 3*q - 1. Let i be p(2). Let r(w) = -i*w + 6*w - 3*w + 9*w**2 + 2. Calculate the remainder when r(2) is divided by 9.
7
Suppose -14*u - 11 = -543. Suppose 2*v + 52 = -2*o, o - 72 = 2*v - 11. Let r = v + u. What is the remainder when r is divided by 6?
3
Suppose 5*g = -y + 15 + 17, -8 = -2*g + 2*y. What is the remainder when 12 is divided by g?
0
Suppose -2*k + 82 = -0*k. Let d = -24 + 26. Suppose 0 = -5*i + 4*n + 121, -d*i + i + n = -25. What is the remainder when k is divided by i?
20
Let a be ((-1)/4)/(14/(-56)). Let d(u) = -2*u**2 - 2*u + 1. Let x be d(a). What is the remainder when 2 - (1 - (18 + x)) is divided by 5?
1
Let w(r) = r**3 - 27*r**2 - 15*r + 20. Let c be w(28). Suppose -8*j + c = -0*j. What is the remainder when j is divided by 17?
14
Let a be (-14796)/48 - ((-6)/(-8))/(-3). Let u = a - -434. What is the remainder when u is divided by 32?
30
Suppose -663 = -6*w - 11*w. What is the remainder when w is divided by 745/35 - (-2)/(-7)?
18
Let t = -26 + 40. Suppose t = i + i. Calculate the remainder when i is divided by 5.
2
Let h = -237 + 462. Calculate the remainder when h is divided by 81.
63
Let k be (-377)/52 + 3/12. Calculate the remainder when 206 + k + 4 + 2 is divided by 16.
13
Suppose 0*m = -4*m + 8. Let p be (-54)/36 - (-30)/(-4). Let t = 12 + p. What is the remainder when t is divided by m?
1
Let n = 436 - 278. What is the remainder when n is divided by 80?
78
Let h = -25 - -9. Let p be 3/(-12) + (-36)/h. Suppose u = 5*q - 2*u - 62, p*u = -5*q + 67. Calculate the remainder when 51 is divided by q.
12
Let s(d) = 2*d - 5. Let i(n) = n + 1. Let f be i(-3). Let a(m) = -9*m + 25. Let w(q) = f*a(q) - 11*s(q). What is the remainder when w(-8) is divided by 10?
7
Suppose -16*a + 590 + 1410 = 0. What is the remainder when a is divided by 16?
13
Suppose 4*w - 11 = -3. Let q(n) = -4*n**2 + 4*n - 4. Let a be q(w). Let o = a - -32. What is the remainder when o is divided by 11?
9
Suppose -4*i + 3*b + 34 = -6, 30 = 3*i + 4*b. Let u = i - 6. Suppose 50 = 2*s - 4*m, 1 = s + u*m - 6. What is the remainder when s is divided by 5?
4
Let q = -4 - -6. Suppose y - 13 = -3*n, -n = -y - q - 1. Calculate the remainder when 56 + n + (1 - -1) is divided by 22.
18
Suppose 16*n + d = 17*n - 14, 4*d = 5*n - 70. Let v = 96 - -11. Calculate the remainder when v is divided by n.
9
Calculate the remainder when (-64 - -2)*(-4)/((-112)/(-126)) is divided by 47.
44
Suppose 805 - 25 = 10*k. Calculate the remainder when 544 is divided by k.
76
Let o = -938 + 1004. What is the remainder when 326 is divided by o?
62
Let c(d) = d + 5. Let r be 302/3 - ((-15)/(-9))/(-5). Suppose -5*i = r - 126. What is the remainder when i is divided by c(-3)?
1
Suppose -9*t - 124 = -601. What is the remainder when 93 is divided by t?
40
Suppose 6 = 2*w + 4. Calculate the remainder when 5 is divided by (-60)/(-160)*(7 + w).
2
Suppose 0 - 6 = -2*f. Calculate the remainder when (-12)/(-3*(-12)/(-18)) is divided by f.
0
Let h = 31 - 22. Let w be (-2)/(-2) + (-27)/9. What is the remainder when (-25)/2*(w + 0) is divided by h?
7
Let t = -1404 + 1635. What is the remainder when t is divided by 39?
36
Let o = 37 - -57. Let j = 127 - o. What is the remainder when j is divided by 9?
6
Let y(s) = 4*s + 85. What is the remainder when y(4) is divided by 34?
33
Suppose 5*a - 2*s - 210 = -3*s, 5*a - 5*s = 210. Suppose 0*z = z - a. Let m = 70 + -59. Calculate the remainder when z is divided by m.
9
Let y(m) = -3 + 20*m + 3 + 1. Suppose -8*c = -7 - 1. What is the remainder when 39 is divided by y(c)?
18
Let m = -689 - -826. Calculate the remainder when m is divided by 38